Let y(o) = -7*o**2 + 2*o - 3. Let t be y(3). Let r = l - t. List the prime factors of r.
3, 5
Let b = -87 - -196. Suppose -593 - b = -6*y. What are the prime factors of y?
3, 13
Let h = 72689 - 49321. What are the prime factors of h?
2, 23, 127
Suppose 5*f - 17 - 3 = 0. Let g be (-268)/(-3) - (-14)/21. Suppose 4*s = -4*i + 120, f*i - g = i + 4*s. List the prime factors of i.
2, 3, 5
Let t(h) be the first derivative of 7*h**3/3 - h**2/2 + 7*h - 1. Let l = 318 + -315. What are the prime factors of t(l)?
67
What are the prime factors of ((-4)/8)/1*2*-5596?
2, 1399
Let k = 43 + -55. Let z be k/5*-12*(0 - 5). What are the prime factors of (62/(-8) - -1)/(27/z)?
2, 3
Let d(x) be the first derivative of -2*x - 23 + 49/3*x**3 + 2*x**2. List the prime factors of d(2).
2, 101
Let p(v) = v**2 + 2*v + 21. Let s = -63 - -58. Let i be p(s). What are the prime factors of 9/(i/(-16))*-32?
2
Let x(u) = 2*u**2 - 3*u + 7. Let s(r) be the first derivative of 2*r**3/3 + 7*r**2/2 - 10*r + 22. Let j be s(-5). What are the prime factors of x(j)?
2, 3, 7
Let l(n) = 2*n**2 + 2*n - 29. Let o(v) = -v**2 - 8*v + 2. Let j = -4 + -3. Let z be o(j). List the prime factors of l(z).
151
Suppose -4*c - t + 2*t = 67, 31 = -2*c + 3*t. Let m(n) = -10*n + 8. Let u be m(c). Suppose 4*d + d = -2*k + 78, d = 4*k - u. List the prime factors of k.
2, 11
Let s = 13747 - 9039. What are the prime factors of s?
2, 11, 107
List the prime factors of -664*93*(-15)/180.
2, 31, 83
Suppose 17 = -2*w + 25. Suppose 0 = w*c - 0*c + 360. Let m = c + 132. What are the prime factors of m?
2, 3, 7
Suppose 0 = -8*g + 288 - 48. Let p(r) = 2*r + g - 11 - 15 + 6*r**2. What are the prime factors of p(-6)?
2, 13
Suppose 300*v - 306*v + 49026 = 0. What are the prime factors of v?
8171
Let z(f) = -f - 21. Let x be z(-17). List the prime factors of x/(24 + -8) + (-2889)/(-4).
2, 19
Let z = -3725 + 8559. What are the prime factors of z?
2, 2417
Let x(s) = s**3 - 158*s**2 + 299*s + 2111. List the prime factors of x(156).
83
Suppose n = 3*z + 9520 + 41057, -n - z + 50593 = 0. What are the prime factors of n?
3, 7, 11, 73
Suppose -3*r + 161841 = -326*u + 325*u, 0 = 4*u - 24. What are the prime factors of r?
3, 7, 367
Let m(g) = -51*g**2 - 11*g - 51. Let t(q) = -q - 3. Let h(f) = -m(f) - 3*t(f). What are the prime factors of h(-4)?
2, 5, 41
Let s = -354 + 209. List the prime factors of (261/s)/(2/(-810)).
3
Suppose -2*p = -5*f - 25009, -5*p + f + 6680 = -55854. List the prime factors of p.
3, 11, 379
Let u(p) = p**3 + 9*p**2 + 15*p + 16. Let r be u(-10). Let a = r + 510. What are the prime factors of a?
2, 3, 23
Suppose -4*c + 2*o + 986 = -6*c, 2*c - 2*o = -990. Let f = -185 - c. What are the prime factors of f?
3, 103
Suppose 7*c - 26*c = -10450. What are the prime factors of (c/(-15))/11*1863/(-15)?
2, 3, 23
Let s(i) = -i**2 - 3*i + 25. Let h be s(-5). Let b(w) = 7*w - 80. What are the prime factors of b(h)?
5
Let x be 906/14 - (-6)/21. Suppose -4*o + 1 = -19, x = c - o. List the prime factors of c.
2, 5, 7
What are the prime factors of -10 - (29 - 15 - 21696)?
2, 3, 7, 43
Suppose 3 = -5*z + 28. Suppose 148 = n + z*x, -5*n + 0*n = -4*x - 769. What are the prime factors of n?
3, 17
Let c(i) = -2*i - 32. Let u be c(-17). Suppose -2*y - u + 258 = 0. Suppose 156 + y = 4*b. What are the prime factors of b?
71
Let s(u) = 371*u**2 + 49*u + 751. List the prime factors of s(-13).
23, 2731
What are the prime factors of (2 - -11120)*(-64)/(-64)?
2, 67, 83
Suppose -4*q + 50702 = w, 32*w + 12665 = q + 34*w. What are the prime factors of q?
7, 1811
Let x(p) = -2*p**3 + 2*p**2 - 8*p + 18. Let o be x(2). Let u(z) = 29*z**2 + 3*z + 57. What are the prime factors of u(o)?
3, 19
Suppose 124 - 28 = -16*b. List the prime factors of 212 - (-12)/8*4/b.
211
Suppose -2*t + 2*s = -346, 4*t + 5*s - 294 = 398. What are the prime factors of t/((-128)/32 - (-13)/3)?
3, 173
Let b be (-40)/6*63/(-35). Suppose -b = 11*x - 15*x. Suppose x*q = 4*p + 209, -6*q - 5*p + 289 = -2*q. What are the prime factors of q?
71
Suppose j + 56003 = 77*p - 73*p, 0 = 3*p + 2*j - 42016. What are the prime factors of p?
2, 7001
Let p = -1298 + 1958. Suppose 56*d + p = 59*d. What are the prime factors of d?
2, 5, 11
Let f = -9002 - -31240. List the prime factors of f.
2, 11119
Let s(x) be the second derivative of -x**4/6 + 37*x**3/6 + 5*x**2 - 12*x. Let y(j) be the first derivative of s(j). What are the prime factors of y(-14)?
3, 31
Let n(q) = 712*q**2 + 2*q - 11. What are the prime factors of n(-2)?
2833
Let q(m) = 9*m - 2 + 4*m + 2 + 21*m**2. Let v be q(-9). What are the prime factors of ((-4)/6)/((-9510)/v - -6)?
2, 11
Let h(o) be the second derivative of 9*o**4/2 - o**3/3 + o**2 + 49*o. What are the prime factors of h(1)?
2, 3
Suppose 0 = -9*d - 96100 - 9038. What are the prime factors of (((-8)/6)/2)/(66/d)?
2, 59
Let c = -3214 - -5826. List the prime factors of c.
2, 653
Let k be (1/2)/(((-1)/12)/1). Let j = -16 - k. List the prime factors of (-2)/j - 1272/(-15).
5, 17
Suppose -2*w - 19560 = -m, 3*w = -5*m + 59131 + 38565. List the prime factors of m.
2, 7, 349
Let d(k) = 4*k**2 - 12*k - 13. Let g be d(15). Let x(q) = q + 25. Let j be x(-18). Suppose j*i + 63 = g. What are the prime factors of i?
2, 23
Let k = 135 + -18. Let w(h) = 24*h + 1524. Let f be w(-63). Suppose -309 = -f*l - k. What are the prime factors of l?
2
Suppose n - o = 39310, 3049*n - 3045*n = 5*o + 157236. What are the prime factors of n?
2, 11, 1787
Suppose 4*s - 20 = 0, -5*c - 3*s + 117 = 22. Suppose -5*r + g + 2111 = -0*r, c = 4*g. What are the prime factors of r?
3, 47
Let u = 5220 + -536. List the prime factors of u.
2, 1171
Suppose 51 = 5*j + f, -2*f - 18 = -2*j - 0*f. Let v(b) = 2*b - 24. Let w be v(j). Let u = w - -31. List the prime factors of u.
3
Suppose 0 = -11*h + 168 - 36. Let c(g) = -10*g**2 + 15*g + 87. Let s(n) = 3*n**2 - 5*n - 29. Let v(m) = 2*c(m) + 7*s(m). List the prime factors of v(h).
5, 11
Let b(j) = 7*j**2 - 8*j + 9. Suppose -9*i + 51 = -6*i. Let g = i - 13. List the prime factors of b(g).
89
Let k be (-78)/429 - (-224)/22. Let l = 244 + k. List the prime factors of l.
2, 127
Let t = 934 - -2213. List the prime factors of t.
3, 1049
Suppose 222*c - 55496 = 219*c + 5*j, 4*c = -2*j + 74038. List the prime factors of c.
3, 31, 199
Let t(h) = -24*h + 81. Let n(q) = 13*q - 40. Let i(k) = 11*n(k) + 6*t(k). Let a be i(-24). Suppose o = 2*o - a. What are the prime factors of o?
2, 5, 7
Suppose -559161 - 305720 = -22*d - 275215. List the prime factors of d.
7, 547
Let v = 13 + 1. Let a = 17 - v. Suppose a*k - 448 = -5*k. List the prime factors of k.
2, 7
Suppose 308 = 4*k - 2*y, 3*k - 390 = -2*k + 5*y. Let w = -96 + k. What are the prime factors of w*1*62*(-6)/48?
5, 31
Suppose 0*v - n = -2*v + 610, 0 = 2*v - 4*n - 598. Let i = 728 - v. What are the prime factors of i?
421
Let j = 6463 - 3546. List the prime factors of j.
2917
Let z(s) = 165*s - 50. Let b be z(9). Suppose 3*p + 316 = b. What are the prime factors of p?
373
Let u(r) = r**3 + 57*r**2 + 10*r - 174. List the prime factors of u(-56).
2, 1201
List the prime factors of 13766 + (13 - 0) + -6.
3, 4591
Suppose -16*y - 273 - 63 = 0. Let d(x) = 2*x**2 - 6*x - 21. List the prime factors of d(y).
3, 7, 47
List the prime factors of 67787 + 17/(357/(-105)).
2, 3, 11, 13, 79
Let g be ((-552)/(-230))/(((-8)/10)/(-2)). Let p(b) = 148*b + 345. What are the prime factors of p(g)?
3, 137
Let k(u) = -125*u**3 - u**2 + u - 19. List the prime factors of k(-4).
19, 419
Let q = 1634 + -2357. Let h = q - -1040. What are the prime factors of h?
317
Let r = 2048 + -572. Suppose 768 = u - 3*s - 2*s, 2*u + 2*s - r = 0. What are the prime factors of u?
743
Let b = -4387 + 9006. List the prime factors of b.
31, 149
Let r(j) = 358*j**2 - 90*j + 508. What are the prime factors of r(6)?
2, 1607
Suppose 5*k = 57 + 18. Suppose 4*h = 3*j + 3*h - 18, k = -5*h. Suppose -38 = -2*i - t, -2*i - j*t = -0*i - 30. What are the prime factors of i?
2, 5
Let z(g) = -g**3 - 23*g**2 - 21*g + 39. Let y be z(-22). Suppose -y*p + 1451 = -2935. List the prime factors of p.
2, 3, 43
Let q = -3904 - -23743. What are the prime factors of q?
3, 17, 389
Let p = 46812 - 1863. List the prime factors of p.
3, 14983
Let t(x) = -x**3 + 15*x**2 + 3*x - 1. Let u be (99/(-9))